418?
4
What is the hundred millions digit of 768373918?
7
What is the ten thousands digit of 191483491?
8
What is the thousands digit of 44793774?
3
What is the hundred millions digit of 1565996445?
5
What is the hundred thousands digit of 201346485?
3
What is the ten millions digit of 17792097?
1
What is the units digit of 17441719?
9
What is the hundred millions digit of 6030705600?
0
What is the hundreds digit of 628077973?
9
What is the tens digit of 222268388?
8
What is the thousands digit of 1108929437?
9
What is the millions digit of 124833514?
4
What is the millions digit of 123350932?
3
What is the ten thousands digit of 98030675?
3
What is the hundred thousands digit of 920036103?
0
What is the hundred millions digit of 2907563616?
9
What is the units digit of 1056545536?
6
What is the ten millions digit of 1423364125?
2
What is the ten thousands digit of 17909942?
0
What is the hundred thousands digit of 15004777?
0
What is the ten millions digit of 1553801158?
5
What is the ten millions digit of 257578825?
5
What is the ten millions digit of 452311285?
5
What is the hundreds digit of 667053559?
5
What is the ten thousands digit of 111414673?
1
What is the ten millions digit of 3069514034?
6
What is the thousands digit of 211212985?
2
What is the tens digit of 1650567437?
3
What is the tens digit of 78518150?
5
What is the units digit of 2460586?
6
What is the ten thousands digit of 53205084?
0
What is the millions digit of 36351774?
6
What is the thousands digit of 1077377173?
7
What is the hundred millions digit of 122203285?
1
What is the hundreds digit of 743262707?
7
What is the hundreds digit of 43322268?
2
What is the hundreds digit of 74503530?
5
What is the units digit of 55537847?
7
What is the hundred thousands digit of 339665541?
6
What is the hundreds digit of 263189809?
8
What is the hundred thousands digit of 40841036?
8
What is the ten thousands digit of 330239118?
3
What is the thousands digit of 229783561?
3
What is the ten thousands digit of 2308215313?
1
What is the hundred thousands digit of 29325377?
3
What is the thousands digit of 58651449?
1
What is the ten millions digit of 244823676?
4
What is the units digit of 3490342235?
5
What is the units digit of 63691701?
1
What is the hundreds digit of 1279865088?
0
What is the tens digit of 57298066?
6
What is the ten millions digit of 949336556?
4
What is the units digit of 130337394?
4
What is the units digit of 22996680?
0
What is the ten millions digit of 2616166350?
1
What is the hundreds digit of 114965644?
6
What is the thousands digit of 2431568528?
8
What is the ten millions digit of 176968916?
7
What is the tens digit of 46520759?
5
What is the hundred millions digit of 6569423795?
5
What is the hundred thousands digit of 209426349?
4
What is the units digit of 1783147415?
5
What is the hundreds digit of 30075518?
5
What is the hundreds digit of 335707811?
8
What is the hundred millions digit of 610580230?
6
What is the hundreds digit of 860816982?
9
What is the units digit of 70196973?
3
What is the units digit of 135062211?
1
What is the units digit of 1112218562?
2
What is the hundreds digit of 26315271?
2
What is the millions digit of 60437443?
0
What is the millions digit of 1756636785?
6
What is the units digit of 18420498?
8
What is the tens digit of 39740940?
4
What is the tens digit of 34894059?
5
What is the ten thousands digit of 71456256?
5
What is the hundred millions digit of 1667804299?
6
What is the thousands digit of 13180631?
0
What is the billions digit of 1949102973?
1
What is the ten thousands digit of 171318072?
1
What is the ten millions digit of 32154654?
3
What is the tens digit of 43592604?
0
What is the thousands digit of 145746348?
6
What is the millions digit of 30738198?
0
What is the tens digit of 822606286?
8
What is the units digit of 720808044?
4
What is the ten thousands digit of 383262005?
6
What is the hundred thousands digit of 46976539?
9
What is the millions digit of 131796016?
1
What is the hundred thousands digit of 336584373?
5
What is the ten millions digit of 41326923?
4
What is the units digit of 873942435?
5
What is the thousands digit of 120979518?
9
What is the ten thousands digit of 115666351?
6
What is the hundred millions digit of 511719672?
5
What is the units digit of 99877698?
8
What is the ten thousands digit of 43163560?
6
What is the ten millions digit of 99109103?
9
What is the ten millions digit of 5919635418?
1
What is the units digit of 113796253?
3
What is the ten millions digit of 455937301?
5
What is the millions digit of 73690450?
3
What is the millions digit of 966709762?
6
What is the thousands digit of 1368672110?
2
What is the millions digit of 1138986082?
8
What is the thousands digit of 268160129?
0
What is the ten millions digit of 70734357?
7
What is the hundred millions digit of 166447834?
1
What is the ten millions digit of 11766689?
1
What is the thousands digit of 49527035?
7
What is the units digit of 14254698?
8
What is the tens digit of 548248175?
7
What is the ten thousands digit of 145955541?
5
What is the ten thousands digit of 45095126?
9
What is the hundreds digit of 6561773311?
3
What is the ten thousands digit of 64113642?
1
What is the units digit of 14598492?
2
What is the hundred thousands digit of 248320244?
3
What is the tens digit of 330985583?
8
What is the thousands digit of 312897129?
7
What is the hundreds digit of 138734068?
0
What is the tens digit of 228684285?
8
What is the thousands digit of 29183734?
3
What is the ten thousands digit of 416369833?
6
What is the hundreds digit of 68168402?
4
What is the hundreds digit of 215875415?
4
What is the ten thousands digit of 9524117?
2
What is the thousands digit of 73399598?
9
What is the ten thousands digit of 21150768?
5
What is the units digit of 1139269239?
9
What is the hundreds digit of 59062711?
7
What is the tens digit of 3138335083?
8
What is the hundreds digit of 264070455?
4
What is the hundreds digit of 92296605?
6
What is the hundred millions digit of 919789671?
9
What is the ten millions digit of 24534959?
2
What is the thousands digit of 234280720?
0
What is the ten millions digit of 618374676?
1
What is the thousands digit of 682398993?
8
What is the billions digit of 1067051806?
1
What is the hundred thousands digit of 354648674?
6
What is the ten millions digit of 3966297094?
6
What is the hundreds digit of 414238529?
5
What is the hundred thousands digit of 188821178?
8
What is the hundreds digit of 760113764?
7
What is the hundreds digit of 614153003?
0
What is the hundred thousands digit of 98613106?
6
What is the tens digit of 902073368?
6
What is the units digit of 1230421756?
6
What is the hundred thousands digit of 7771814038?
8
What is the hundreds digit of 1305668659?
6
What is the units digit of 2346918073?
3
What is the hundreds digit of 24965299?
2
What is the ten thousands digit of 60944011?
4
What is the thousands digit of 55276482?
6
What is the millions digit of 119820535?
9
What is the thousands digit of 600748602?
8
What is the units digit of 1799234618?
8
What is the hundred thousands digit of 862878799?
8
What is the hundreds digit of 138329458?
4
What is the hundred millions digit of 872102278?
8
What is the units digit of 58296122?
2
What is the hundred millions digit of 6810185800?
8
What is the thousands digit of 6358396675?
6
What is the hundred millions digit of 662564231?
6
What is the thousands digit of 1726775045?
5
What is the hundred millions digit of 5155011387?
1
What is the hundred millions digit of 1347019070?
3
What is the hundred millions digit of 246099086?
2
What is the ten millions digit of 938238058?
3
What is the ten millions digit of 120285728?
2
What is the hundred millions digit of 4125005338?
1
What is the millions digit of 189819751?
9
What is the ten millions digit of 2847500337?
4
What is the hundreds digit of 315613919?
9
What is the ten millions digit of 117601420?
1
What is the units digit of 236570549?
9
What is the hundreds digit of 435667739?
7
What is the ten thousands digit of 225392844?
9
What is the billions digit of 2010057429?
2
What is the millions digit of 66655725?
6
What is the ten thousands digit of 401904837?
0
What is t